{"id":591,"date":"2020-05-28T18:15:06","date_gmt":"2020-05-28T21:15:06","guid":{"rendered":"https:\/\/bardomeionoronha.com\/lojadobar\/?post_type=product&#038;p=591"},"modified":"2021-11-29T19:10:28","modified_gmt":"2021-11-29T22:10:28","slug":"evento-ate-50-pessoas","status":"publish","type":"product","link":"https:\/\/bardomeionoronha.com\/lojadobar\/produto\/evento-ate-50-pessoas\/","title":{"rendered":"EVENTO AT\u00c9 50 P\/ BM"},"content":{"rendered":"<p><a href=\"https:\/\/api.whatsapp.com\/send?1=pt_BR&amp;phone=558197006528\">LOJA DO BAR DESATIVADA, fa\u00e7a via WhatsApp<\/a><\/p>\n<p>Espa\u00e7o Praia \u2022 varanda completa com 4 bangal\u00f4s e 6 mesas<\/p>\n","protected":false},"excerpt":{"rendered":"<div><a href=\"https:\/\/api.whatsapp.com\/send?1=pt_BR&amp;phone=558197006528\">LOJA DO BAR DESATIVADA, fa\u00e7a via WhatsApp<\/a><\/div>\n<div><\/div>\n<p>Gar\u00e7om exclusivo para seus convidados. Localizado no Espa\u00e7o Praia, cont\u00eam 4 bangal\u00f4s, mesas e varanda para at\u00e9 50 pessoas. O valor cobrado \u00e9 convertido em consuma\u00e7\u00e3o. Ao ultrapassar o valor pago, o restante \u00e9 cobrado no local. A reserva fica dispon\u00edvel a partir das 13h at\u00e9 \u00e0s 18h. Ap\u00f3s este hor\u00e1rio n\u00e3o garantimos seu espa\u00e7o. Card\u00e1pio online \u00a0<a href=\"http:\/\/bardomeionoronha.com\/cardapio\" target=\"_blank\" rel=\"noopener\">http:\/\/bardomeionoronha.com\/cardapio\u00a0<\/a><\/p>\n<div>N\u00e3o nos responsabilizamos por decora\u00e7\u00e3o, bolo ou doces. Indicamos chegar 30 minutos antes para decorar seu espa\u00e7o.<\/div>\n<div><\/div>\n<p>Remarca\u00e7\u00f5es s\u00e3o permitidas no m\u00e1ximo at\u00e9 3 dias antes da data marcada. Caso tenha problemas com voo ou de sa\u00fade, entre em contato com sac@bardomeionoronha.com, para remarcar sua data ou receber seu pagamento de volta.<\/p>\n","protected":false},"featured_media":604,"comment_status":"open","ping_status":"closed","template":"","meta":{"_exactmetrics_skip_tracking":false,"_exactmetrics_sitenote_active":false,"_exactmetrics_sitenote_note":"","_exactmetrics_sitenote_category":0},"product_brand":[],"product_cat":[65,15],"product_tag":[77,71,68,73,76,69],"class_list":{"0":"post-591","1":"product","2":"type-product","3":"status-publish","4":"has-post-thumbnail","6":"product_cat-eventos","7":"product_cat-servicos","8":"product_tag-aniversariobardomeio","9":"product_tag-bardomeio","10":"product_tag-bardomeionoronha","11":"product_tag-casamentobardomeio","12":"product_tag-festaemnoronha","13":"product_tag-noronha","15":"first","16":"instock","17":"virtual","18":"taxable","19":"purchasable","20":"product-type-phive_booking"},"_links":{"self":[{"href":"https:\/\/bardomeionoronha.com\/lojadobar\/wp-json\/wp\/v2\/product\/591","targetHints":{"allow":["GET"]}}],"collection":[{"href":"https:\/\/bardomeionoronha.com\/lojadobar\/wp-json\/wp\/v2\/product"}],"about":[{"href":"https:\/\/bardomeionoronha.com\/lojadobar\/wp-json\/wp\/v2\/types\/product"}],"replies":[{"embeddable":true,"href":"https:\/\/bardomeionoronha.com\/lojadobar\/wp-json\/wp\/v2\/comments?post=591"}],"wp:featuredmedia":[{"embeddable":true,"href":"https:\/\/bardomeionoronha.com\/lojadobar\/wp-json\/wp\/v2\/media\/604"}],"wp:attachment":[{"href":"https:\/\/bardomeionoronha.com\/lojadobar\/wp-json\/wp\/v2\/media?parent=591"}],"wp:term":[{"taxonomy":"product_brand","embeddable":true,"href":"https:\/\/bardomeionoronha.com\/lojadobar\/wp-json\/wp\/v2\/product_brand?post=591"},{"taxonomy":"product_cat","embeddable":true,"href":"https:\/\/bardomeionoronha.com\/lojadobar\/wp-json\/wp\/v2\/product_cat?post=591"},{"taxonomy":"product_tag","embeddable":true,"href":"https:\/\/bardomeionoronha.com\/lojadobar\/wp-json\/wp\/v2\/product_tag?post=591"}],"curies":[{"name":"wp","href":"https:\/\/api.w.org\/{rel}","templated":true}]}}